x*j - 10. Let z be ((-2)/1)/(j/(-80)). What is the highest common divisor of 80 and z?
16
Let m(s) = -s**3 - 16*s**2 + 8*s + 39. Let t be m(-17). Let n be (t/80)/(6/20). Suppose 0*o = n*o - 728. Calculate the highest common divisor of o and 13.
13
Suppose 91 - 13 = -6*w. Let u = -10 - w. Let l be 9/u*10/6. Calculate the highest common factor of l and 20.
5
Suppose h - 1550 = 3*j - 12624, 0 = -4*j - 2*h + 14742. Calculate the greatest common factor of 1519 and j.
217
Let u be (-78)/(-15)*(0 - -5). Let y(i) = 2*i**2 + 218*i - 4394. Let c be y(21). Calculate the greatest common factor of c and u.
26
Suppose 0 = -5*w - 18*s + 16*s + 730, -5*w + s + 715 = 0. Suppose 32 = 5*l - 4*l. Calculate the highest common factor of l and w.
16
Let r = -13346 + 13640. Calculate the greatest common divisor of 3920 and r.
98
Suppose -5*c - 5*r = -156 - 8184, -r = -3*c + 4988. Suppose -m = -9*m + c. Calculate the greatest common divisor of 13 and m.
13
Let n be ((-85)/(-10) + 0)*(-2)/(-1). What is the highest common factor of n and 8517?
17
Let h = 9881 + -9873. What is the greatest common factor of h and 7052?
4
Suppose 0 = 7*c + 23*c - 180. Calculate the greatest common factor of c and 258.
6
Suppose -4*h = -7*h - 5*c - 586, 1006 = -5*h - c. Let o = -191 - h. Calculate the greatest common factor of o and 176.
11
Let v(m) = -m**2 - 16*m - 3. Let i be v(-4). Let r be (i - 36)/((-2)/(-2)). What is the greatest common factor of r and 48?
3
Suppose -27*h = -6*h - 13860. Let y = -582 + h. What is the greatest common divisor of y and 39?
39
Let j be 608350/8 - (-2 - -2) - 30/40. What is the greatest common factor of 31 and j?
31
Suppose -2*t + 2 = 0, -t - 4*t + 2200 = 5*z. Let u = 619 - z. Calculate the greatest common factor of 24 and u.
12
Suppose 0 = 4*l + 4*t - 2888, 2*l - 1362 - 82 = t. Let v = -4456 - -4494. Calculate the highest common factor of l and v.
38
Let l(p) = -14*p - 121. Let j be l(-30). Suppose -5*y + j = -4*d - 155, -y + d + 91 = 0. Calculate the greatest common divisor of 120 and y.
30
Let t be 17/(-4)*(-368)/4. Suppose -54*u - 32 = -i - 59*u, u = -4*i + 71. Calculate the highest common factor of t and i.
17
Suppose 4*m = t - 7 + 4, -2*t + 6 = -5*m. Suppose m*b = -4*b + 5*y + 11, -4 = -b + y. Calculate the greatest common factor of 2 and b.
1
Let l(y) = 256*y - 1. Let w be l(4). What is the greatest common factor of w and 465?
93
Let x(h) = 26*h**2 + 71*h - 1938. Let z be x(22). What is the greatest common factor of z and 224?
112
Suppose -2*p + 5*p = 207. Let q = -33 + p. Suppose 0 = -d + 2*a - 2, 9*a = 3*d + 5*a. Calculate the greatest common factor of q and d.
4
Let n = 638 + -282. Let u = -212 + n. Let w(i) = -8*i + 176. Let v be w(20). Calculate the greatest common factor of u and v.
16
Let s(i) = -i**3 + 5*i**2 + 14*i + 6. Let w be s(7). Suppose 2 = 4*u + 6. Let g be 1*(2 - u)*5. What is the greatest common divisor of w and g?
3
Let h = -9 + 7. Let c be 2/4 - 9/h. Suppose -f + 6 = -2*y, -f + 11 = c*y - 16. Calculate the highest common divisor of 120 and f.
12
Let t = 110 + -102. Suppose -8*p - 8 = -3*o - 13*p, 0 = -3*o + p + 20. Calculate the highest common divisor of t and o.
2
Let z(h) = 19*h**2. Let u be z(-1). Let o = 0 + 3. Suppose -3*m + o*q + 163 = q, -2*m + 110 = -q. Calculate the greatest common divisor of u and m.
19
Let i be (-735)/(-4) + 2/8. Let x(b) = 32*b - 968. Let q be x(31). What is the highest common factor of i and q?
8
Let k(a) = -a**2 - 10*a - 12. Let p be k(-7). Suppose 0 = c + w - 370, 3*c - 2*c + 4*w = 373. Calculate the highest common divisor of p and c.
9
Suppose 2*p = 2*d - 114 + 58, 0 = -4*d + 3*p + 108. Let y be (750/35)/(-1)*-14. Calculate the greatest common divisor of y and d.
12
Let g(r) = -r**3 + 5*r**2 - 49*r + 182. Let f be g(4). What is the highest common divisor of f and 26?
2
Let h(s) = 2*s**2 + 60*s + 133. Let a be h(0). Calculate the greatest common divisor of 152 and a.
19
Let z(m) = m**3 - 46*m**2 + 87*m + 82. Let d be z(44). Suppose 4*g = 3*n + 295, 2*g + 5*n = -2*g + 319. What is the highest common factor of d and g?
38
Suppose 708*g = 713*g - z - 67, 5*g - 73 = 4*z. Suppose -8 = -2*u - 0*u. Calculate the highest common factor of u and g.
1
Let s = 584 + -417. Let c = -149 + s. Calculate the highest common divisor of 171 and c.
9
Suppose 4*m = 11*m + 224. Let y = m - -42. Suppose 14*w - 12 = y*w. Calculate the highest common divisor of w and 3.
3
Let i(k) = 136*k + 16. Let m be i(2). Suppose -m = -0*g - 8*g. Let p(b) = 12*b - 3. Let j be p(4). What is the greatest common factor of g and j?
9
Let u be ((-124)/(-12))/((-268)/132 + 2). Let g = u - -412. What is the highest common factor of g and 923?
71
Let v be 12*(0 - 1/(-3)) + 66. What is the highest common factor of 707 and v?
7
Suppose 0 = -10*l - 49825 + 126935. Calculate the highest common divisor of l and 11.
11
Suppose -23 = 2*a - 89. Let t = 7 - 1. Let h be (99/(-18))/((-3)/t). What is the greatest common factor of a and h?
11
Suppose -5*m + 5*d = -2680 + 515, -d - 1711 = -4*m. Calculate the highest common factor of m and 18.
6
Let q(o) = 135*o**2 - o + 1. Let l be q(1). Suppose -424 = -a - 4*u, 1296 = 3*a + 4*u - 0*u. Let m = a - 421. What is the highest common divisor of m and l?
15
Let v = -82 - -151. Suppose 5*u - 420 = -4*q, -271*q = -270*q - 2 + 12. Calculate the highest common factor of v and u.
23
Let n = -40 + 42. Suppose -246 = -2*t + 2*l, l + 247 = n*t - 2*l. Let c = -42 + t. What is the highest common divisor of c and 16?
16
Let g = 39 - 10. Let x = 56 - g. Suppose 716 - 896 = -5*n. Calculate the highest common factor of n and x.
9
Let i be 4/(20608/(-2947) - -7) - 3/9. What is the greatest common divisor of 714 and i?
51
Suppose 6*d - d - 212 = -2*k, 3*k = -2*d + 296. Suppose 11*r - 12*r - 5*z + 48 = 0, 5*z = 11*r - 168. What is the greatest common divisor of k and r?
6
Suppose -5*c - 2*n + 45474 = -37717, -c = n - 16634. Calculate the greatest common factor of 9 and c.
9
Let o(n) = 15*n**2 - 16*n - 14. Let v be o(-4). Let y be v/30 + 10/(-15). Calculate the greatest common divisor of y and 6.
3
Let s = 109 - 78. Suppose 0 = -8*p + 1139 + 101. Calculate the greatest common factor of s and p.
31
Let r = 4281 + -4246. What is the greatest common divisor of 266 and r?
7
Let t(l) = 31*l - 1306. Let i be t(44). What is the highest common divisor of i and 6322?
58
Suppose 0 = -8*f + 3*f + 100. Suppose 182*l = 184*l + 5*n - 430, 0 = 4*l - 5*n - 890. What is the greatest common divisor of l and f?
20
Suppose -4*d = -2*d - z - 63, 4*d + 4*z - 132 = 0. Suppose -5*o + 3081 = 521. What is the greatest common divisor of o and d?
32
Let i(p) be the third derivative of -p**6/120 - p**5/60 + 33*p**3/2 + 160*p**2. Let b be i(0). What is the greatest common factor of b and 88?
11
Suppose -5*i = -3*i - 428. Let q = i - 160. Calculate the highest common factor of q and 324.
54
Suppose 56*u - 35623 = 50449. Calculate the greatest common factor of 212 and u.
53
Let r(l) = l**3 - 17*l**2 + 22*l - 52. Let a be r(16). Calculate the highest common factor of 154 and a.
22
Let v = 35852 + -34442. What is the highest common factor of v and 110?
10
Suppose -18 = -2*m + m. Let z = 343 + -334. Let c = -3 + z. Calculate the greatest common divisor of m and c.
6
Let r(f) = -21 + 9 - 4*f - 15. Suppose -168 = -194*l + 208*l. Let i be r(l). What is the highest common divisor of 21 and i?
21
Let k = -127 - -203. Suppose k*v = 77*v + 4. Let c be 2*(v - 4*-2). What is the greatest common factor of 72 and c?
8
Let y be (-29174)/(-203) - 6/(-21). Suppose 0 = 5*z - 2*p - 46, 3*z - 4*p - 33 = -p. Calculate the greatest common factor of z and y.
8
Suppose 42*o - 150*o = -2545 - 911. Let j be (-1)/(-4) - (-4 - (-508)/(-16)). What is the greatest common divisor of o and j?
4
Let m = 110 + -71. Suppose 8 = -3*v + 125. Calculate the highest common divisor of v and m.
39
Suppose -8*h + 30 = -6*h. Suppose 0 = -5*n + 18 + 7. Suppose -550 = -4*s - n*a, -s = -5*s + 2*a + 536. Calculate the greatest common divisor of s and h.
15
Let i(s) = 10*s**2 + 76*s - 11. Let j be i(-9). What is the highest common divisor of j and 9292?
23
Let h = 13 - 9. Suppose 0*l + 3*t - 45 = -3*l, -3*l - h*t = -49. Suppose 4*c = 2*z - 100, -21 - 73 = -2*z + 2*c. Calculate the highest common factor of 